{"id":1770,"date":"2023-04-24T19:51:11","date_gmt":"2023-04-24T19:51:11","guid":{"rendered":"http:\/\/ptgeof.pl\/wroclaw\/?page_id=1770"},"modified":"2025-02-18T12:08:18","modified_gmt":"2025-02-18T12:08:18","slug":"zarzad-oddzialu","status":"publish","type":"page","link":"https:\/\/ptgeof.pl\/wroclaw\/?page_id=1770","title":{"rendered":"Zarz\u0105d Oddzia\u0142u"},"content":{"rendered":"<p>Sk\u0142ad Zarz\u0105du Wroc\u0142awskiego Oddzia\u0142u Polskiego Towarzystwa Geofizycznego:<\/p>\n<p>Przewodnicz\u0105cy \u2013 dr in\u017c. Rados\u0142aw Stodolak<br \/>\nZ-ca Przewodnicz\u0105cego \u2013 dr hab. in\u017c Tamara Tokarczyk, prof. IMGW-PIB<br \/>\nSekretarz \u2013 dr Joanna Kajewska-Szkudlarek<br \/>\nSkarbnik \u2013 mgr Barbara Wilk-Stawarz<br \/>\nCz\u0142onek Zarz\u0105du \u2013 dr in\u017c. Joanna Markowska<br \/>\nCz\u0142onek Zarz\u0105du \u2013 mgr Piotr Ropuszy\u0144ski<br \/>\nCz\u0142onek Zarz\u0105du \u2013 dr in\u017c. Marcin Wdowikowski<\/p>\n<p>Przewodnicz\u0105cy Komisji Rewizyjnej \u2013 prof. dr hab. in\u017c. Marian Rojek<br \/>\nCz\u0142onek Komisji Rewizyjnej -mgr in\u017c. Aleksander Ciok<br \/>\nCz\u0142onek Komisji Rewizyjnej \u2013 dr hab. Wojciech Jakubowski<\/p>\n","protected":false},"excerpt":{"rendered":"<p>Sk\u0142ad Zarz\u0105du Wroc\u0142awskiego Oddzia\u0142u Polskiego Towarzystwa Geofizycznego: Przewodnicz\u0105cy \u2013 dr in\u017c. Rados\u0142aw Stodolak Z-ca Przewodnicz\u0105cego \u2013 dr hab. in\u017c Tamara Tokarczyk, prof. IMGW-PIB Sekretarz \u2013 dr Joanna Kajewska-Szkudlarek Skarbnik \u2013 mgr Barbara Wilk-Stawarz Cz\u0142onek Zarz\u0105du \u2013 dr in\u017c. Joanna Markowska&hellip;<\/p>\n","protected":false},"author":5,"featured_media":0,"parent":0,"menu_order":0,"comment_status":"closed","ping_status":"closed","template":"","meta":{"footnotes":""},"class_list":["post-1770","page","type-page","status-publish","hentry"],"_links":{"self":[{"href":"https:\/\/ptgeof.pl\/wroclaw\/index.php?rest_route=\/wp\/v2\/pages\/1770","targetHints":{"allow":["GET"]}}],"collection":[{"href":"https:\/\/ptgeof.pl\/wroclaw\/index.php?rest_route=\/wp\/v2\/pages"}],"about":[{"href":"https:\/\/ptgeof.pl\/wroclaw\/index.php?rest_route=\/wp\/v2\/types\/page"}],"author":[{"embeddable":true,"href":"https:\/\/ptgeof.pl\/wroclaw\/index.php?rest_route=\/wp\/v2\/users\/5"}],"replies":[{"embeddable":true,"href":"https:\/\/ptgeof.pl\/wroclaw\/index.php?rest_route=%2Fwp%2Fv2%2Fcomments&post=1770"}],"version-history":[{"count":9,"href":"https:\/\/ptgeof.pl\/wroclaw\/index.php?rest_route=\/wp\/v2\/pages\/1770\/revisions"}],"predecessor-version":[{"id":1917,"href":"https:\/\/ptgeof.pl\/wroclaw\/index.php?rest_route=\/wp\/v2\/pages\/1770\/revisions\/1917"}],"wp:attachment":[{"href":"https:\/\/ptgeof.pl\/wroclaw\/index.php?rest_route=%2Fwp%2Fv2%2Fmedia&parent=1770"}],"curies":[{"name":"wp","href":"https:\/\/api.w.org\/{rel}","templated":true}]}}